 44?
4
Calculate the highest common divisor of 159 and 9116.
53
What is the greatest common divisor of 516 and 946?
86
What is the greatest common factor of 10074 and 6?
6
What is the highest common factor of 2314 and 78?
26
Calculate the greatest common factor of 4574 and 2.
2
Calculate the highest common factor of 112 and 13776.
112
What is the highest common factor of 96 and 2032?
16
What is the greatest common divisor of 1512 and 90?
18
Calculate the highest common factor of 323 and 51.
17
What is the highest common factor of 5162 and 178?
178
Calculate the highest common divisor of 234 and 72.
18
Calculate the highest common factor of 231 and 33.
33
What is the highest common factor of 1578 and 6?
6
Calculate the highest common factor of 1 and 185.
1
Calculate the highest common divisor of 10 and 48.
2
What is the highest common factor of 2978 and 2?
2
Calculate the highest common divisor of 84 and 224.
28
Calculate the greatest common divisor of 7080 and 132.
12
Calculate the highest common divisor of 3485 and 85.
85
Calculate the highest common divisor of 77 and 3773.
77
Calculate the greatest common factor of 962 and 104.
26
Calculate the highest common factor of 1817 and 23.
23
Calculate the highest common divisor of 234 and 315.
9
Calculate the greatest common factor of 13 and 26819.
13
What is the greatest common factor of 568 and 56?
8
What is the highest common factor of 12 and 668?
4
Calculate the greatest common factor of 1488 and 8.
8
What is the highest common divisor of 10404 and 68?
68
Calculate the highest common divisor of 1305 and 10585.
145
What is the greatest common factor of 111 and 6697?
37
What is the highest common divisor of 216 and 6453?
27
What is the greatest common divisor of 102 and 1445?
17
What is the greatest common factor of 16218 and 2?
2
Calculate the greatest common divisor of 4 and 244.
4
What is the greatest common divisor of 66 and 330?
66
Calculate the greatest common factor of 1296 and 16.
16
What is the highest common divisor of 287 and 164?
41
What is the highest common divisor of 9660 and 1155?
105
Calculate the highest common divisor of 385 and 7.
7
Calculate the greatest common divisor of 259 and 74.
37
Calculate the highest common factor of 52 and 1391.
13
Calculate the highest common factor of 799 and 47.
47
Calculate the highest common factor of 40 and 40.
40
Calculate the highest common factor of 36 and 486.
18
Calculate the highest common factor of 28522 and 26.
26
What is the highest common factor of 1307 and 1?
1
What is the highest common factor of 567 and 168?
21
Calculate the greatest common divisor of 16 and 864.
16
What is the highest common divisor of 69 and 230?
23
What is the greatest common divisor of 390 and 7566?
78
Calculate the highest common factor of 407 and 629.
37
What is the greatest common divisor of 5 and 245?
5
What is the greatest common divisor of 783 and 4437?
261
Calculate the highest common divisor of 20 and 750.
10
Calculate the highest common factor of 180 and 640.
20
What is the highest common divisor of 906 and 30?
6
What is the highest common factor of 19965 and 165?
165
Calculate the highest common factor of 2 and 4374.
2
What is the highest common factor of 64 and 160?
32
Calculate the highest common factor of 32 and 3208.
8
What is the highest common factor of 4374 and 18?
18
What is the greatest common factor of 10240 and 160?
160
Calculate the highest common factor of 104 and 1625.
13
Calculate the highest common factor of 14184 and 72.
72
What is the highest common divisor of 66 and 17182?
22
Calculate the greatest common factor of 56 and 25508.
28
Calculate the highest common divisor of 36 and 2916.
36
What is the highest common factor of 18 and 107154?
18
What is the highest common divisor of 1332 and 148?
148
What is the highest common factor of 110 and 360?
10
What is the highest common factor of 10 and 158?
2
What is the greatest common divisor of 490 and 343?
49
Calculate the highest common divisor of 81 and 729.
81
Calculate the highest common factor of 9228 and 12.
12
What is the greatest common factor of 1843 and 291?
97
Calculate the highest common factor of 27 and 117.
9
Calculate the highest common divisor of 57 and 121809.
57
Calculate the greatest common divisor of 7430 and 10.
10
Calculate the greatest common divisor of 130 and 970.
10
What is the greatest common factor of 936 and 144?
72
Calculate the highest common factor of 979 and 11.
11
What is the highest common divisor of 56 and 40?
8
Calculate the highest common factor of 273 and 39.
39
Calculate the highest common divisor of 308 and 88.
44
Calculate the highest common divisor of 30325 and 25.
25
Calculate the highest common factor of 28 and 308.
28
What is the highest common factor of 4059 and 3?
3
Calculate the greatest common divisor of 30 and 105.
15
Calculate the greatest common divisor of 5117 and 2023.
119
What is the highest common factor of 62 and 6634?
62
What is the highest common divisor of 7 and 20?
1
Calculate the greatest common divisor of 2222 and 55.
11
What is the greatest common factor of 64 and 564?
4
What is the highest common divisor of 204 and 12?
12
What is the greatest common factor of 258 and 12?
6
Calculate the greatest common divisor of 2997 and 513.
27
Calculate the greatest common divisor of 9805 and 185.
185
Calculate the highest common divisor of 17755 and 795.
265
Calculate the highest common factor of 12348 and 252.
252
What is the greatest common factor of 62 and 11842?
62
What is the highest common factor of 11196 and 54?
18
Calculate the highest common divisor of 1690 and 1755.
65
What is the greatest common factor of 182 and 1703?
13
What is the highest common factor of 192 and 492?
12
Calculate the greatest common factor of 3025 and 363.
121
What is the greatest common factor of 327 and 872?
109
Calculate the greatest common factor of 178 and 2.
2
What is the highest common divisor of 58 and 32?
2
Calculate the greatest common factor of 9 and 225.
9
Calculate the highest common divisor of 75 and 345.
15
Calculate the highest common divisor of 85 and 493.
17
What is the highest common divisor of 525 and 42?
21
What is the greatest common factor of 212 and 44?
4
Calculate the greatest common divisor of 67 and 29413.
67
Calculate the greatest common factor of 3564 and 330.
66
Calculate the highest common factor of 1940 and 20.
20
What is the greatest common factor of 2622 and 184?
46
What is the greatest common divisor of 700 and 224?
28
Calculate the greatest common divisor of 738 and 4346.
82
Calculate the greatest common factor of 2728 and 1672.
88
Calculate the greatest common divisor of 32980 and 776.
388
What is the greatest common factor of 2944 and 2300?
92
What is the highest common divisor of 364 and 28?
28
Calculate the greatest common factor of 156 and 1482.
78
What is the greatest common factor of 16 and 2112?
16
What is the greatest common divisor of 9 and 225?
9
What is the greatest common divisor of 174 and 9222?
174
What is the highest common divisor of 48 and 408?
24
Calculate the greatest common divisor of 30 and 285.
15
Calculate the greatest common divisor of 84 and 21.
21
What is the greatest common divisor of 46 and 1357?
23
Calculate the highest common divisor of 1640 and 1960.
40
Calculate the greatest common factor of 2590 and 80.
10
Calculate the greatest common divisor of 136 and 85.
17
Calculate the highest common factor of 5614 and 14.
14
Calculate the greatest common factor of 39 and 208.
13
Calculate the highest common factor of 30 and 60330.
30
What is the greatest common divisor of 28 and 224?
28
Calculate the highest common factor of 584 and 1022.
146
Calculate the greatest common factor of 8 and 43.
1
Calculate the highest common divisor of 105 and 112.
7
Calculate the greatest common factor of 13409 and 253.
253
What is the highest common factor of 790 and 10?
10
What is the greatest common factor of 39 and 19968?
39
What is the greatest common divisor of 824 and 309?
103
What is the greatest common divisor of 106 and 530?
106
Calculate the highest common factor of 24 and 828.
12
Calculate the highest common factor of 20 and 890.
10
What is the highest common factor of 203 and 754?
29
Calculate the h